25356?
False
Does 123 divide 106358424?
False
Does 250 divide 2404000?
True
Does 10 divide 350255740?
True
Is 32231121 a multiple of 772?
False
Is 84370640 a multiple of 304?
True
Is 391843780 a multiple of 139?
True
Does 373 divide 432089464?
False
Is 217 a factor of 24621132?
False
Is 7542972 a multiple of 2?
True
Is 288 a factor of 63223638?
False
Is 356370703 a multiple of 13?
True
Is 832405680 a multiple of 765?
True
Does 336 divide 158730768?
True
Does 59 divide 38807681?
False
Does 609 divide 189321131?
False
Is 2130 a factor of 81463398?
False
Is 46 a factor of 19331408?
True
Is 270321574 a multiple of 18?
False
Is 91 a factor of 174708170?
True
Does 50 divide 12071072?
False
Does 8 divide 47155801?
False
Does 43 divide 72998047?
True
Is 326 a factor of 4085052210?
True
Is 642 a factor of 438607108?
False
Does 10 divide 789480259?
False
Is 128544706 a multiple of 1288?
False
Does 91 divide 15796508?
True
Is 105 a factor of 1241367064?
False
Is 12 a factor of 216454368?
True
Is 413998350 a multiple of 50?
True
Is 22 a factor of 37143898?
True
Is 5 a factor of 5432855?
True
Is 5718135 a multiple of 3?
True
Is 1808115165 a multiple of 21?
False
Is 28 a factor of 1174415?
False
Is 77036711 a multiple of 13?
False
Is 18 a factor of 1791260615?
False
Is 10 a factor of 327972952?
False
Does 46 divide 145961713?
False
Is 466 a factor of 47471043?
False
Does 805 divide 932910475?
True
Is 511294788 a multiple of 126?
False
Does 58 divide 7097054?
True
Is 3 a factor of 166074501?
True
Is 6257079 a multiple of 13?
False
Does 80 divide 4402943520?
True
Does 9 divide 5433363?
True
Is 2157 a factor of 113577376?
False
Is 1486547181 a multiple of 2449?
False
Is 66 a factor of 181237006?
False
Is 165 a factor of 61928015?
False
Does 14 divide 39661622?
True
Is 159 a factor of 426073654?
False
Is 6 a factor of 22936342?
False
Is 945745 a multiple of 2?
False
Is 9 a factor of 46546552?
False
Does 2 divide 13084068?
True
Is 2048 a factor of 333211648?
True
Is 1733 a factor of 24463463?
False
Is 356 a factor of 344949089?
False
Does 1135 divide 5926517?
False
Does 56 divide 21819610?
False
Does 1366 divide 789436967?
False
Is 74791228 a multiple of 2636?
True
Is 32378771 a multiple of 5?
False
Is 33006501 a multiple of 507?
False
Is 2303497234 a multiple of 43?
False
Is 6 a factor of 20125699?
False
Is 14750500 a multiple of 500?
True
Is 5778820524 a multiple of 2432?
False
Does 307 divide 1188799170?
True
Is 1204107642 a multiple of 558?
True
Is 559 a factor of 90014574?
False
Is 8348857 a multiple of 12?
False
Is 12 a factor of 111819755?
False
Is 21 a factor of 1464326480?
False
Is 200 a factor of 488033009?
False
Is 85750164 a multiple of 1242?
True
Is 26330102 a multiple of 615?
False
Does 561 divide 281762431?
False
Is 504784876 a multiple of 14?
False
Is 747 a factor of 381429922?
False
Is 90574804 a multiple of 73?
False
Is 42965856 a multiple of 2007?
True
Is 4290 a factor of 289715721?
False
Is 547 a factor of 52538542?
False
Is 1003 a factor of 10320870?
True
Is 743210520 a multiple of 39?
True
Is 147386311 a multiple of 2959?
False
Does 158 divide 150166992?
True
Is 35053700 a multiple of 121?
True
Does 1137 divide 286401378?
False
Does 2679 divide 40342327?
False
Is 799834271 a multiple of 36?
False
Is 200514483 a multiple of 23?
True
Does 249 divide 4033590689?
False
Does 8 divide 151547072?
True
Is 43322619 a multiple of 83?
False
Is 9408827 even?
False
Is 463507492 a multiple of 2186?
False
Does 95 divide 194886515?
True
Is 378837398 a multiple of 122?
False
Does 35 divide 5473671?
False
Is 369636277 a multiple of 1802?
False
Does 3552 divide 1686802176?
True
Is 10689886 a multiple of 2?
True
Does 568 divide 56995392?
True
Is 209058870 a multiple of 15?
True
Is 426478736 a multiple of 776?
True
Does 11 divide 1745353687?
True
Is 446762568 a multiple of 82?
True
Is 1422767652 a multiple of 8474?
True
Is 45 a factor of 37881952?
False
Is 4914 a factor of 146869632?
True
Is 83 a factor of 3390899845?
True
Is 33995600 a multiple of 37?
True
Is 228503280 a multiple of 80?
True
Is 80 a factor of 28703760?
True
Does 365 divide 69949695?
True
Is 239804900 a multiple of 943?
True
Does 90 divide 11430113?
False
Is 5530693854 a multiple of 5614?
True
Does 545 divide 18812558?
False
Is 45940529 a multiple of 32?
False
Is 205 a factor of 27758435?
True
Is 34919548 a multiple of 4?
True
Is 49717992 a multiple of 12?
True
Is 51 a factor of 154545118?
False
Is 10068384 a multiple of 8?
True
Is 170 a factor of 74727238?
False
Does 121 divide 262060064?
False
Is 110 a factor of 6699170?
False
Is 1950 a factor of 481248300?
True
Is 58 a factor of 27910180?
True
Is 26 a factor of 170941940?
True
Does 10 divide 80780327?
False
Does 279 divide 107028864?
True
Is 187 a factor of 5797486?
False
Is 40686382 a multiple of 36?
False
Is 376961196 a multiple of 457?
False
Does 20 divide 25611000?
True
Is 40 a factor of 1976843320?
True
Is 180 a factor of 217575790?
False
Is 23 a factor of 38154577?
False
Is 458362155 a multiple of 15?
True
Is 200 a factor of 584770800?
True
Is 5397196810 a multiple of 7216?
False
Is 17923545 a multiple of 1289?
True
Is 214287999 a multiple of 117?
False
Is 1246055 a multiple of 24?
False
Is 1771167265 a multiple of 35?
True
Does 140 divide 74473420?
True
Does 427 divide 42918624?
True
Is 12529577 a multiple of 79?
False
Does 3723 divide 386845002?
False
Is 740703474 a multiple of 14?
True
Is 281941198 a multiple of 769?
False
Is 6140 a factor of 523969180?
True
Does 683 divide 90673171?
False
Is 44 a factor of 57823658?
False
Is 11 a factor of 44252863?
False
Does 6 divide 10716511?
False
Is 8951811 a multiple of 794?
False
Is 2361 a factor of 5449127?
False
Is 2381324904 a multiple of 158?
False
Does 11 divide 315353467?
True
Is 1589285607 a multiple of 323?
False
Is 796 a factor of 11142408?
True
Is 60 a factor of 122376000?
True
Does 43 divide 1404131546?
True
Does 9 divide 1511675046?
True
Is 8 a factor of 6070769?
False
Is 3058351147 a multiple of 107?
True
Is 15 a factor of 925730070?
True
Is 69927645 a multiple of 12?
False
Does 21 divide 35536452?
True
Is 943 a factor of 691582055?
True
Is 147149000 a multiple of 10?
True
Is 955524549 a multiple of 1774?
False
Is 5949966 a multiple of 982?
False
Is 588 a factor of 131565000?
True
Does 50 divide 65177359?
False
Does 10 divide 2364793366?
False
Is 28965314 a multiple of 238?
True
Does 21 divide 3562002709?
False
Is 1245 a factor of 1381062315?
True
Is 154 a factor of 109678646?
True
Is 1304293088 a multiple of 1103?
True
Does 325 divide 34425071?
False
Is 559 a factor of 312844909?
True
Is 33098816 a multiple of 13?
False
Is 1042723335 a multiple of 276?
False
Is 89944199 a multiple of 99?
False
Is 3098108876 a multiple of 68?
False
Does 1009 divide 137163460?
True
Is 15 a factor of 82530776?
False
Is 11754730 a multiple of 2470?
True
Is 7571972457 a multiple of 7077?
True
Is 34195448 a multiple of 7?
True
Does 19 divide 933159632?
False
Is 101002923 a multiple of 11?
False
Does 265 divide 2573890?
False
Is 610878975 a multiple of 3946?
False
Is 2 a factor of 441099380?
True
Is 12088300 a multiple of 92?
False
Is 855 a factor of 15509700?
True
Is 65795794 a multiple of 113?
False
Is 1044213696 a multiple of 49?
False
Does 4 divide 277798508?
True
Is 207 a factor of 355481721?
True
Is 3 a factor of 447919895?
False
Is 2209096110 a multiple of 51?
True
Is 19583460 a multiple of 15?
True
Does 816 divide 47588304?
True
Does 13 divide 18033431?
True
Is 226 a factor of 11469500?
True
Is 72 a factor of 950862456?
True
Is 89660617 a multiple of 3?
False
Is 143 a factor of 3074050551?
True
Does 5 divide 2085922?
False
Does 15 divide 2528123654?
False
Is 1085 a factor of 284621540?
True
Is 5808 a factor of 2800402704?
True
Is 55 a factor of 1376977871?
False
Is 301020740 a multiple of 1468?
True
Is 1711164 a multiple of 70?
False
Is 17 a factor of 426086997?
True
Is 28 a factor of 27756820?
True
Does 23 divide 124029790?
False
Is 245 a factor of 72891665?
True
Does 71 divide 110982301?
True
Is 34 a factor of 35344547?
False
Does 25 divide 664890333?
False
Is 39 a factor of 41849841?
False
Does 20 divide 53637685?
False
Is 2033347237 a multiple of 454?
False
Is 9468 a factor of 4317338